{"id":1989,"date":"2021-07-07T18:45:53","date_gmt":"2021-07-07T23:45:53","guid":{"rendered":"https:\/\/fcnf.unsa.edu.pe\/quimica\/?page_id=1989"},"modified":"2022-09-13T18:40:41","modified_gmt":"2022-09-13T23:40:41","slug":"capacitacion","status":"publish","type":"page","link":"https:\/\/fcnf.unsa.edu.pe\/quimica\/capacitacion\/","title":{"rendered":"CAPACITACI\u00d3N"},"content":{"rendered":"<div class=\"cua-gra\"><\/p>\n<h3><span style=\"color: #ffffff\"><strong>CURSO<\/strong><\/span><\/h3>\n<h3><strong><span style=\"color: #ffff00\">\u00abAseguramiento de la Validez de Resultados\u00bb<\/span><\/strong><\/h3>\n<p><img loading=\"lazy\" decoding=\"async\" class=\"hidden-xs alignnone wp-image-2329 size-full\" src=\"https:\/\/fcnf.unsa.edu.pe\/quimica\/wp-content\/uploads\/sites\/4\/2022\/09\/unnamed.jpg\" alt=\"\" width=\"1280\" height=\"1280\" srcset=\"https:\/\/fcnf.unsa.edu.pe\/quimica\/wp-content\/uploads\/sites\/4\/2022\/09\/unnamed.jpg 1280w, https:\/\/fcnf.unsa.edu.pe\/quimica\/wp-content\/uploads\/sites\/4\/2022\/09\/unnamed-768x768.jpg 768w\" sizes=\"auto, (max-width: 1280px) 100vw, 1280px\" \/><\/p>\n<p><span style=\"color: #ffffff\">Fechas: 17, 18, 24 y 25 de Setiembre<\/span><br \/>\n<span style=\"color: #ffffff\">21 horas lectivas<\/span><br \/>\n<span style=\"color: #00ffff\"><span style=\"color: #ffffff\">Los participantes deben<\/span><\/span><span style=\"color: #00ffff\">\u00a0<\/span><a style=\"color: #00ffff\" href=\"https:\/\/api.whatsapp.com\/send?phone=51994786433&amp;text=Deseo%20inscribirme%20al%20Modulo%20III%20%3A%20Espectroscop%C3%ADa%20de%20Emisi%C3%B3n%20por%20Plasma%20ICP-OES\">INSCRIBIRSE AQU\u00cd<\/a><\/p>\n<p><\/div>\n<div class=\"cua-gri\"><\/p>\n<h3><sphidden-xs an style=\"color: #ffffff\"><strong>PROGRAMA GRATUITO<\/strong><\/span><\/h3>\n<h3><strong><span style=\"color: #ffff00\">\u00abDesarrollo Personal para Emprendedores: Lidera tu Mente, Alcanza tu M\u00e1ximo Potencial\u00bb<\/span><\/strong><\/h3>\n<p><span style=\"color: #ffffff\">Fechas: 2, 9, 16 y 23 de Noviembre<\/span><br \/>\n<span style=\"color: #ffffff\">Hora: 8:30pm EST (Hora de Per\u00fa)<\/span><br \/>\n<span style=\"color: #00ffff\"><span style=\"color: #ffffff\">Los participantes deben<\/span>\u00a0<a style=\"color: #00ffff\" href=\"https:\/\/docs.google.com\/forms\/d\/e\/1FAIpQLSeauPr-nj6twdGIsM7LgwUXRecYe_F9baw1tN25c-qidVpXJg\/viewform\">INSCRIBIRSE AQU\u00cd<\/a><\/span><\/p>\n<p><\/div>\n<div><\/div>\n<p style=\"text-align: left\"><div class=\"cua-gra\"><\/p>\n<h3><sphidden-xs an style=\"color: #ffffff\"><strong>CURSO DE EXTENSI\u00d3N UNIVERSITARIA<\/strong><\/span><\/h3>\n<h3><span style=\"color: #ffff00\"><strong>\u201c<\/strong><\/span><span style=\"color: #ffff00\">Fiscalizaci\u00f3n Ambiental 2022 &#8211; 72 becas<\/span><span style=\"color: #ffff00\"><strong>\u201d<\/strong><\/span><\/h3>\n<div>\n<div dir=\"auto\"><span style=\"color: #ffffff\"><span class=\"sp-numeracion\">Fecha de postulaci\u00f3n:\u00a0<\/span>Del 1 de octubre al 14 de noviembre de 2021<\/span><\/div>\n<div dir=\"auto\">Presentaci\u00f3n, temario y preguntas frecuentes\u00a0<span style=\"color: #00ffff\"><a style=\"color: #00ffff\" href=\"https:\/\/www.oefa.gob.pe\/ceu2022\/\">AQUI<\/a><\/span><\/div>\n<\/div>\n<div>\n<div dir=\"auto\"><span style=\"color: #ffffff\">Postula<\/span>\u00a0<span style=\"color: #00ffff\"><a style=\"color: #00ffff\" href=\"https:\/\/sistemas.oefa.gob.pe\/oefa-convocatoria-ceu-web\/convocatoria_ceu\/paginas\/convocatorias_vigentes_detalle.xhtml\">AQUI<\/a><\/span><\/div>\n<\/div>\n<p style=\"text-align: left\"><\/div><\/p>\n<div class=\"cua-gri\"><\/p>\n<h3><sphidden-xs an style=\"color: #ffffff\"><strong>CURSO<\/strong><\/span><\/h3>\n<p><span style=\"color: #ffff00\"><strong>\u00abMentalidad Emprendedora\u00bb<\/strong><\/span><\/p>\n<p><span style=\"color: #ffffff\"><span class=\"sp-numeracion\">Inicio: 29 Octubre<\/span><\/span><\/p>\n<p><span style=\"color: #ffffff\"><span class=\"sp-numeracion\">Ofrecido por: <\/span>Tecnologico de Monterrey<\/span><br \/>\n<span style=\"color: #ffffff\"><span class=\"sp-numeracion\">Precio: <\/span>Gratis. Costo opcional por certificado.<\/span><br \/>\n<span style=\"color: #ffffff\"><span class=\"sp-numeracion\">Idioma: <\/span>Espa\u00f1ol<\/span><br \/>\n<span style=\"color: #ffffff\"><span class=\"sp-numeracion\">Introducci\u00f3n: <\/span>Aprende como el emprendimiento innovador y la forma de innovar de las startups pueden generar valor en el mundo de los negocios.<\/span><br \/>\n<span style=\"color: #00ffff\"><a style=\"color: #00ffff\" href=\"https:\/\/www.edx.org\/es\/course\/mentalidad-emprendedora?source=aw&amp;awc=6798_1635535483_f7d21f1884f836d2b59aed5dca987f2e&amp;utm_source=aw&amp;utm_medium=affiliate_partner&amp;utm_content=text-link&amp;utm_term=706503_Formate.pe\" target=\"_blank\" rel=\"noopener\">INSCRIBETE AQU\u00cd<\/a><\/span><\/p>\n<p><\/div>\n<p style=\"text-align: left\"><div class=\"cua-gra\"><\/p>\n<h3 styhidden-xs le=\"text-align: left\"><span style=\"color: #ffffff\"><strong>WEBINAR<\/strong><\/span><\/h3>\n<h3 style=\"text-align: left\"><span style=\"color: #ffff00\"><strong>\u201cValidaci\u00f3n de limpieza en la manufactura de productos farmac\u00e9uticos y la aplicaci\u00f3n de m\u00e9todos anal\u00edticos\u201d<\/strong><\/span><\/h3>\n<div style=\"text-align: left\">\n<div dir=\"auto\"><span style=\"color: #ffffff\">Fecha: 08 julio del 2021 &#8211; 07:00 p. m.(hora de Lima).<\/span><\/div>\n<\/div>\n<div style=\"text-align: left\">\n<div dir=\"auto\"><span style=\"color: #ffffff\">Inscr\u00edbase aqu\u00ed:\u00a0<\/span><\/div>\n<\/div>\n<div style=\"text-align: left\">\n<div dir=\"auto\"><span style=\"color: #00ffff\"><a style=\"color: #00ffff\" role=\"link\" href=\"https:\/\/zoom.us\/meeting\/register\/tJ0qf-qrrj0rGtI0C4vAJw1-WJl45aoq_Gy9?fbclid=IwAR3lhU_95-5OoUstPvJFVCM4DWPoiZ3x7BHKPhP-JsevQAqQkFacNZREy8Y\" target=\"_blank\" rel=\"nofollow noopener noreferrer\" data-saferedirecturl=\"https:\/\/www.google.com\/url?q=https:\/\/zoom.us\/meeting\/register\/tJ0qf-qrrj0rGtI0C4vAJw1-WJl45aoq_Gy9?fbclid%3DIwAR3lhU_95-5OoUstPvJFVCM4DWPoiZ3x7BHKPhP-JsevQAqQkFacNZREy8Y&amp;source=gmail&amp;ust=1625783387587000&amp;usg=AFQjCNE5i5qnsH9AVbHp-emZXfq4sSKolQ\">https:\/\/zoom.us\/&#8230;\/tJ0qf-qrrj0rGtI0C4vAJw1-WJl45aoq_Gy9<\/a><\/span><\/div>\n<div dir=\"auto\"><span style=\"color: #ffffff\">AFICHE<\/span> <span style=\"color: #00ffff\"><a style=\"color: #00ffff\" href=\"https:\/\/drive.google.com\/file\/d\/1gNclID8z0J3ynQZ264eYFxfyQ0tiHZhb\/view?usp=sharing\">Aqu\u00ed<\/a><\/span><\/div>\n<\/div>\n<p style=\"text-align: left\"><\/div><\/p>\n<div class=\"cua-gri\"><\/p>\n<h3><sphidden-xs an style=\"color: #ffffff\"><strong>CURSO &#8211; TALLER<\/strong><\/span><\/h3>\n<h3><span style=\"color: #ffff00\"><strong>\u00abDerecho de Propiedad Intelectual. TEOR\u00cdA Y PR\u00c1CTICA\u00bb<\/strong><\/span><\/h3>\n<p>MODALIDAD EDUCATIVA : Virtual Meet GOOGLE Institucional UNSA<br \/>\nHORAS : 3 horas tres sesiones 45 minutos<br \/>\nDOCENTE : Carlos Eduardo Guillen Nu\u00f1ez<br \/>\nHORARIOS: Julio 2021. Ver p\u00e1ginas 13 y 14 <span style=\"color: #00ffff\"><a style=\"color: #00ffff\" href=\"https:\/\/drive.google.com\/file\/d\/1Qe1SbdSOgpX_O8SgewfuaI2sbVshK95Y\/view?usp=sharing\">Aqu\u00ed<\/a><br \/>\n<span style=\"color: #000000\"><span style=\"color: #ffffff\">INSCRIPCI\u00d3N: Previa coordinaci\u00f3n con secretar\u00eda al<\/span> <span style=\"color: #00ffff\">923277745<\/span><\/span><\/span><\/p>\n<p><\/div>\n<div class=\"cua-gri\"><\/p>\n<h3 styhidden-xs le=\"text-align: left\"><span style=\"color: #ffffff\"><strong>WEBINAR<\/strong><\/span><\/h3>\n<h3><span style=\"color: #ffff00\"><strong>\u00abAn\u00e1lisis Molecular por FTIR y Raman: de la Teor\u00eda a las Aplicaciones\u00bb<\/strong><\/span><\/h3>\n<p><u>FECHA<\/u>: 14 de julio<br \/>\n<u>HORA<\/u>: 09:30 hrs (GMT-5)<br \/>\n<u>DURACI\u00d3N<\/u>: 1 hora<br \/>\n<u>REGISTRO<\/u>: <span style=\"color: #00ffff\"><a style=\"color: #00ffff\" href=\"http:\/\/r.email.sol-analiticas.com\/mk\/cl\/f\/fqzeLStzvdOWxJGWf0TCp2e5by9Sq1UiI5iuqLRux1mHIYILI7Xuty43nNYp6AfJPw9wYBkn7Y4ovTK4JCI6apZCQmkrYsCVYlPLAoieRY7m4jxiCGldSzrwkXttGmMg3aPqCzDwhc6_etNaRv14U1Mtf1GZv2VpOTGzMOrh-PL4egQL0PpQblqadITK4a9Ep6KVCFqIv48tdB6ywTRKzEpsfPdtp8O1zGo\">Aqu\u00ed<\/a><\/span><\/p>\n<p><\/div>\n<div class=\"cua-gri\"><\/p>\n<h3><sthidden-xs rong><span style=\"color: #ffffff\">CHARLA<\/span><\/strong><\/h3>\n<h3><span style=\"color: #ffff00\">\u00a0\u201cDos Entrevistas para Duplicar tu Empleabilidad\u201d<\/span><\/h3>\n<p style=\"font-weight: 400\"><u>FECHA<\/u>: S\u00e1bado, 17 de julio del 2021<br \/>\n<u>HORA<\/u>: A las 03:00 pm (15:00 horas)<br \/>\n<u>DIRIGIDO: <\/u>Alumnos y Egresados de la Universidad<br \/>\n<u>LINK PARA INGRESO: <\/u>Acceso Limitado para 250 Personas <span style=\"color: #00ffff\"><a style=\"color: #00ffff\" href=\"http:\/\/meet.google.com\/knc-anwp-wfx\" data-saferedirecturl=\"https:\/\/www.google.com\/url?q=http:\/\/meet.google.com\/knc-anwp-wfx&amp;source=gmail&amp;ust=1626388695592000&amp;usg=AFQjCNHQ5-YBLNGEcO4aFlLxcsAIAn4Q2Q\">meet.google.com\/knc-anwp-wfx<\/a><\/span><\/p>\n<p><\/div>\n","protected":false},"excerpt":{"rendered":"","protected":false},"author":10,"featured_media":0,"parent":0,"menu_order":0,"comment_status":"closed","ping_status":"closed","template":"","meta":{"_acf_changed":false,"footnotes":""},"class_list":["post-1989","page","type-page","status-publish","hentry"],"acf":[],"_links":{"self":[{"href":"https:\/\/fcnf.unsa.edu.pe\/quimica\/wp-json\/wp\/v2\/pages\/1989","targetHints":{"allow":["GET"]}}],"collection":[{"href":"https:\/\/fcnf.unsa.edu.pe\/quimica\/wp-json\/wp\/v2\/pages"}],"about":[{"href":"https:\/\/fcnf.unsa.edu.pe\/quimica\/wp-json\/wp\/v2\/types\/page"}],"author":[{"embeddable":true,"href":"https:\/\/fcnf.unsa.edu.pe\/quimica\/wp-json\/wp\/v2\/users\/10"}],"replies":[{"embeddable":true,"href":"https:\/\/fcnf.unsa.edu.pe\/quimica\/wp-json\/wp\/v2\/comments?post=1989"}],"version-history":[{"count":38,"href":"https:\/\/fcnf.unsa.edu.pe\/quimica\/wp-json\/wp\/v2\/pages\/1989\/revisions"}],"predecessor-version":[{"id":2332,"href":"https:\/\/fcnf.unsa.edu.pe\/quimica\/wp-json\/wp\/v2\/pages\/1989\/revisions\/2332"}],"wp:attachment":[{"href":"https:\/\/fcnf.unsa.edu.pe\/quimica\/wp-json\/wp\/v2\/media?parent=1989"}],"curies":[{"name":"wp","href":"https:\/\/api.w.org\/{rel}","templated":true}]}}