{"id":1283,"date":"2018-03-20T17:24:00","date_gmt":"2018-03-20T17:24:00","guid":{"rendered":"https:\/\/fcnf.unsa.edu.pe\/quimica\/?page_id=1283"},"modified":"2022-05-23T15:50:21","modified_gmt":"2022-05-23T20:50:21","slug":"competencias-de-la-carrera","status":"publish","type":"page","link":"https:\/\/fcnf.unsa.edu.pe\/quimica\/competencias-de-la-carrera\/","title":{"rendered":"Competencias de la carrera"},"content":{"rendered":"<h4><strong>Competencias Generales<\/strong><\/h4>\n<p>El Programa de Estudios de Qu\u00edmica incorpora las siguientes competencias, las cuales son desarrolladas en los estudiantes en funci\u00f3n a las diversas problem\u00e1ticas analizadas:<\/p>\n<ol>\n<li>Aplica conocimientos actualizados en qu\u00edmica construidos en base a las ciencias naturales y formales con un compromiso de capacitaci\u00f3n permanente.<\/li>\n<li>Expresa una comunicaci\u00f3n cient\u00edfica y t\u00e9cnica en forma eficaz, de la qu\u00edmica para desenvolverse en forma individual y\/o equipo.<\/li>\n<li>Dise\u00f1a y ejecuta experimentos en busca de conocimientos en qu\u00edmica, elaborando, desarrollando y dirigiendo proyectos de investigaci\u00f3n b\u00e1sica y aplicada.<\/li>\n<li>Demuestra habilidades y destrezas en el trabajo de laboratorio, manejo de instrumentos y equipos, an\u00e1lisis e interpretaci\u00f3n de resultados, manteniendo rigurosidad cient\u00edfica, actitud cr\u00edtica e innovadora.<\/li>\n<li>Gestiona y dirige laboratorios de control de calidad, desarrollo de nuevos productos o procesos cumpliendo normas y est\u00e1ndares de calidad, protecci\u00f3n del medio ambiente con alto sentido \u00e9tico y conciencia del desarrollo sostenible.<\/li>\n<\/ol>\n<h4><strong>Competencias Espec\u00edficas y de Especialidad<\/strong><\/h4>\n<ol>\n<li>Comprende los principios, teor\u00edas, metodolog\u00edas de la Qu\u00edmica, entendiendo las bases f\u00edsicas y matem\u00e1ticas para el desarrollo de su formaci\u00f3n profesional con responsabilidad y \u00e9tica.<\/li>\n<li>Aplica los procesos generales de an\u00e1lisis, s\u00edntesis, aislamiento, purificaci\u00f3n y caracterizaci\u00f3n de sustancias para desarrollar productos qu\u00edmicos innovadores en diversas \u00e1reas de acuerdo a t\u00e9cnicas modernas.<\/li>\n<li>Eval\u00faa, dise\u00f1a y modifica los procesos de transformaci\u00f3n qu\u00edmica con m\u00e9todos convencionales y modernos aplicando las buenas pr\u00e1cticas de laboratorio.<\/li>\n<li>Presenta y comunica proyectos de investigaci\u00f3n aplicando el m\u00e9todo cient\u00edfico como propuestas a problem\u00e1ticas regionales y nacionales para su desarrollo como especialista en la qu\u00edmica demostrando su actualizaci\u00f3n y compromiso social.<\/li>\n<li>Implementa modelos de monitoreo del medio ambiente con tecnolog\u00edas limpias para aplicarlas en miner\u00eda, industria, agroqu\u00edmica y otros, de acuerdo a las normas establecidas.<\/li>\n<li>Identifica, analiza, y caracteriza recursos naturales y alimentos, interpretando resultados en beneficio del ser humano de acuerdo a las normas vigentes.<\/li>\n<li>Emplea procedimientos f\u00edsicos, qu\u00edmicos y\/o biol\u00f3gicos en la obtenci\u00f3n, manejo, almacenamiento y an\u00e1lisis de muestras para contribuir en el diagn\u00f3stico cl\u00ednico, aplicando las normativas de bioseguridad.<\/li>\n<li>Utiliza las t\u00e9cnicas modernas de la inform\u00e1tica, comunicaci\u00f3n, did\u00e1ctica aplicadas a la Qu\u00edmica para el procesamiento de datos e informaci\u00f3n qu\u00edmica de acuerdo a especificaciones que satisfagan los criterios de calidad establecidos.<\/li>\n<\/ol>\n","protected":false},"excerpt":{"rendered":"<p>Competencias Generales El Programa de Estudios de Qu\u00edmica incorpora las siguientes competencias, las cuales son desarrolladas en los estudiantes en funci\u00f3n a las diversas problem\u00e1ticas analizadas: Aplica conocimientos actualizados en qu\u00edmica construidos en base a las ciencias naturales y formales con un compromiso de capacitaci\u00f3n permanente. Expresa una comunicaci\u00f3n cient\u00edfica y t\u00e9cnica en forma eficaz, [&hellip;]<\/p>\n","protected":false},"author":1,"featured_media":1284,"parent":0,"menu_order":0,"comment_status":"closed","ping_status":"closed","template":"page-imagen.php","meta":{"_acf_changed":false,"footnotes":""},"class_list":["post-1283","page","type-page","status-publish","has-post-thumbnail","hentry"],"acf":[],"_links":{"self":[{"href":"https:\/\/fcnf.unsa.edu.pe\/quimica\/wp-json\/wp\/v2\/pages\/1283","targetHints":{"allow":["GET"]}}],"collection":[{"href":"https:\/\/fcnf.unsa.edu.pe\/quimica\/wp-json\/wp\/v2\/pages"}],"about":[{"href":"https:\/\/fcnf.unsa.edu.pe\/quimica\/wp-json\/wp\/v2\/types\/page"}],"author":[{"embeddable":true,"href":"https:\/\/fcnf.unsa.edu.pe\/quimica\/wp-json\/wp\/v2\/users\/1"}],"replies":[{"embeddable":true,"href":"https:\/\/fcnf.unsa.edu.pe\/quimica\/wp-json\/wp\/v2\/comments?post=1283"}],"version-history":[{"count":5,"href":"https:\/\/fcnf.unsa.edu.pe\/quimica\/wp-json\/wp\/v2\/pages\/1283\/revisions"}],"predecessor-version":[{"id":2285,"href":"https:\/\/fcnf.unsa.edu.pe\/quimica\/wp-json\/wp\/v2\/pages\/1283\/revisions\/2285"}],"wp:featuredmedia":[{"embeddable":true,"href":"https:\/\/fcnf.unsa.edu.pe\/quimica\/wp-json\/wp\/v2\/media\/1284"}],"wp:attachment":[{"href":"https:\/\/fcnf.unsa.edu.pe\/quimica\/wp-json\/wp\/v2\/media?parent=1283"}],"curies":[{"name":"wp","href":"https:\/\/api.w.org\/{rel}","templated":true}]}}