{"id":1280,"date":"2018-03-20T17:19:59","date_gmt":"2018-03-20T17:19:59","guid":{"rendered":"https:\/\/fcnf.unsa.edu.pe\/quimica\/?page_id=1280"},"modified":"2022-01-20T23:29:29","modified_gmt":"2022-01-21T04:29:29","slug":"perfil-del-egresado","status":"publish","type":"page","link":"https:\/\/fcnf.unsa.edu.pe\/quimica\/perfil-del-egresado\/","title":{"rendered":"Perfil del Egresado"},"content":{"rendered":"<p>El egresado de la Escuela Profesional de Qu\u00edmica contribuye al desarrollo y mejora de la calidad de vida, a nivel regional, nacional e internacional, con competencias acad\u00e9micas, cient\u00edficas y tecnol\u00f3gicas, con una base s\u00f3lida de conocimientos actualizados en qu\u00edmica, construidos en base a las\u00a0ciencias naturales y formales, con habilidad y destreza en el trabajo de laboratorio, manejo de instrumentos y equipos, e interpretaci\u00f3n de resultados; con rigurosidad cient\u00edfica, actitud cr\u00edtica e innovadora; con actitudes para el trabajo en equipo y una comunicaci\u00f3n profesional eficaz.<br \/>\nPara desempe\u00f1arse:<\/p>\n<ul>\n<li>En la industria como gestor y director de laboratorios de an\u00e1lisis qu\u00edmico y control de calidad, desarrollando nuevos productos o procesos, protecci\u00f3n y control del medio ambiente, cumpliendo normas y est\u00e1ndares de calidad<\/li>\n<li>Ejecutando y dirigiendo proyectos de investigaci\u00f3n b\u00e1sica y aplicada<\/li>\n<li>En la docencia a nivel superior<\/li>\n<li>Y en salud en laboratorios an\u00e1lisis cl\u00ednicos.<\/li>\n<\/ul>\n<p>Con sentido \u00e9tico y conciencia del desarrollo sostenible.<\/p>\n","protected":false},"excerpt":{"rendered":"<p>El egresado de la Escuela Profesional de Qu\u00edmica contribuye al desarrollo y mejora de la calidad de vida, a nivel regional, nacional e internacional, con competencias acad\u00e9micas, cient\u00edficas y tecnol\u00f3gicas, con una base s\u00f3lida de conocimientos actualizados en qu\u00edmica, construidos en base a las\u00a0ciencias naturales y formales, con habilidad y destreza en el trabajo de [&hellip;]<\/p>\n","protected":false},"author":1,"featured_media":1281,"parent":0,"menu_order":0,"comment_status":"closed","ping_status":"closed","template":"","meta":{"_acf_changed":false,"footnotes":""},"class_list":["post-1280","page","type-page","status-publish","has-post-thumbnail","hentry"],"acf":[],"_links":{"self":[{"href":"https:\/\/fcnf.unsa.edu.pe\/quimica\/wp-json\/wp\/v2\/pages\/1280","targetHints":{"allow":["GET"]}}],"collection":[{"href":"https:\/\/fcnf.unsa.edu.pe\/quimica\/wp-json\/wp\/v2\/pages"}],"about":[{"href":"https:\/\/fcnf.unsa.edu.pe\/quimica\/wp-json\/wp\/v2\/types\/page"}],"author":[{"embeddable":true,"href":"https:\/\/fcnf.unsa.edu.pe\/quimica\/wp-json\/wp\/v2\/users\/1"}],"replies":[{"embeddable":true,"href":"https:\/\/fcnf.unsa.edu.pe\/quimica\/wp-json\/wp\/v2\/comments?post=1280"}],"version-history":[{"count":5,"href":"https:\/\/fcnf.unsa.edu.pe\/quimica\/wp-json\/wp\/v2\/pages\/1280\/revisions"}],"predecessor-version":[{"id":2242,"href":"https:\/\/fcnf.unsa.edu.pe\/quimica\/wp-json\/wp\/v2\/pages\/1280\/revisions\/2242"}],"wp:featuredmedia":[{"embeddable":true,"href":"https:\/\/fcnf.unsa.edu.pe\/quimica\/wp-json\/wp\/v2\/media\/1281"}],"wp:attachment":[{"href":"https:\/\/fcnf.unsa.edu.pe\/quimica\/wp-json\/wp\/v2\/media?parent=1280"}],"curies":[{"name":"wp","href":"https:\/\/api.w.org\/{rel}","templated":true}]}}