{"id":2826,"date":"2023-11-23T11:43:07","date_gmt":"2023-11-23T16:43:07","guid":{"rendered":"https:\/\/fcnf.unsa.edu.pe\/matematica\/?page_id=2826"},"modified":"2023-11-23T11:58:06","modified_gmt":"2023-11-23T16:58:06","slug":"docentes-investigadores","status":"publish","type":"page","link":"https:\/\/fcnf.unsa.edu.pe\/matematica\/docentes-investigadores\/","title":{"rendered":"Docentes Investigadores"},"content":{"rendered":"<table class=\"table table-striped\">\n<tbody>\n<tr>\n<td width=\"201\"><strong>DOCENTE<\/strong><\/td>\n<td width=\"164\"><strong>L\u00cdNEA DE INVESTIGACI\u00d3N<\/strong><\/td>\n<\/tr>\n<tr>\n<td width=\"201\"><span style=\"color: #000080\"><a style=\"color: #000080\" href=\"https:\/\/dina.concytec.gob.pe\/appDirectorioCTI\/VerDatosInvestigador.do?id_investigador=55629\">Torreblanca Todco, Maria Luisa<\/a><\/span><\/td>\n<td>Algebra Lineal<\/td>\n<\/tr>\n<tr>\n<td><span style=\"color: #000080\"><a style=\"color: #000080\" href=\"https:\/\/dina.concytec.gob.pe\/appDirectorioCTI\/VerDatosInvestigador.do?id_investigador=24843\">Tupacyupanqui Jaen Doris Salome<\/a><\/span><\/td>\n<td>Educaci\u00f3n Matem\u00e1tica<\/td>\n<\/tr>\n<\/tbody>\n<\/table>\n","protected":false},"excerpt":{"rendered":"<p>DOCENTE L\u00cdNEA DE INVESTIGACI\u00d3N Torreblanca Todco, Maria Luisa Algebra Lineal Tupacyupanqui Jaen Doris Salome Educaci\u00f3n Matem\u00e1tica<\/p>\n","protected":false},"author":4,"featured_media":0,"parent":0,"menu_order":0,"comment_status":"closed","ping_status":"closed","template":"","meta":{"_acf_changed":false,"footnotes":""},"class_list":["post-2826","page","type-page","status-publish","hentry"],"acf":[],"_links":{"self":[{"href":"https:\/\/fcnf.unsa.edu.pe\/matematica\/wp-json\/wp\/v2\/pages\/2826","targetHints":{"allow":["GET"]}}],"collection":[{"href":"https:\/\/fcnf.unsa.edu.pe\/matematica\/wp-json\/wp\/v2\/pages"}],"about":[{"href":"https:\/\/fcnf.unsa.edu.pe\/matematica\/wp-json\/wp\/v2\/types\/page"}],"author":[{"embeddable":true,"href":"https:\/\/fcnf.unsa.edu.pe\/matematica\/wp-json\/wp\/v2\/users\/4"}],"replies":[{"embeddable":true,"href":"https:\/\/fcnf.unsa.edu.pe\/matematica\/wp-json\/wp\/v2\/comments?post=2826"}],"version-history":[{"count":9,"href":"https:\/\/fcnf.unsa.edu.pe\/matematica\/wp-json\/wp\/v2\/pages\/2826\/revisions"}],"predecessor-version":[{"id":2840,"href":"https:\/\/fcnf.unsa.edu.pe\/matematica\/wp-json\/wp\/v2\/pages\/2826\/revisions\/2840"}],"wp:attachment":[{"href":"https:\/\/fcnf.unsa.edu.pe\/matematica\/wp-json\/wp\/v2\/media?parent=2826"}],"curies":[{"name":"wp","href":"https:\/\/api.w.org\/{rel}","templated":true}]}}