{"id":2274,"date":"2022-09-22T18:20:31","date_gmt":"2022-09-22T23:20:31","guid":{"rendered":"https:\/\/fcnf.unsa.edu.pe\/matematica\/?page_id=2274"},"modified":"2022-11-08T13:34:53","modified_gmt":"2022-11-08T18:34:53","slug":"sim_matematicas-2022","status":"publish","type":"page","link":"https:\/\/fcnf.unsa.edu.pe\/matematica\/sim_matematicas-2022\/","title":{"rendered":"SIM_MATEMATICAS 2022"},"content":{"rendered":"<table style=\"height: 25px\" width=\"1154\">\n<tbody>\n<tr>\n<td style=\"text-align: center\" bgcolor=\"maroon\" width=\"80\"><a href=\"https:\/\/fcnf.unsa.edu.pe\/matematica\/sim_matematicas-2022\/\"><span style=\"color: #ffffff\"><strong>INICIO\u00a0 \u00a0<\/strong><\/span><\/a><\/td>\n<td style=\"text-align: center\" bgcolor=\"maroon\" width=\"80\"><a href=\"https:\/\/fcnf.unsa.edu.pe\/matematica\/programa\/\"><span style=\"color: #ffffff\"><strong>PROGRAMA\u00a0<\/strong><\/span><\/a><\/td>\n<td style=\"text-align: center\" bgcolor=\"maroon\" width=\"169\"><a href=\"https:\/\/fcnf.unsa.edu.pe\/matematica\/cursos-y-conferencias\/\"><span style=\"color: #ffffff\"><strong>CURSOS Y CONFERENCIAS\u00a0<\/strong><\/span><\/a><\/td>\n<td style=\"text-align: center\" bgcolor=\"maroon\" width=\"80\"><span style=\"color: #ffffff\"><strong><a href=\"https:\/\/fcnf.unsa.edu.pe\/matematica\/2452-2\/\"><span style=\"color: #ffffff\">MATERIAL<\/span>\u00a0<\/a> \u00a0 \u00a0<\/strong><\/span><\/td>\n<td style=\"text-align: center\" bgcolor=\"maroon\" width=\"183\"><a href=\"https:\/\/fcnf.unsa.edu.pe\/matematica\/vacantes-e-inscripciones\/\"><span style=\"color: #ffffff\"><strong>VACANTES E INSCRIPCIONES<\/strong><\/span><\/a><\/td>\n<\/tr>\n<\/tbody>\n<\/table>\n<p>&nbsp;<\/p>\n<h3><\/h3>\n<h3><span style=\"color: #000000\"><strong>SEMINARIO INTERNACIONAL DE MATEM\u00c1TICAS<\/strong><\/span><\/h3>\n<p><span style=\"color: #000000\"><strong>\u00a0I. GENERALIDADES\u00a0<\/strong><\/span><\/p>\n<p><span style=\"color: #000000\"><strong>I.1<\/strong> Seminario Internacional de Matem\u00e1ticas que tendr\u00e1 una duraci\u00f3n de 40 horas <\/span><span style=\"color: #000000\">acad\u00e9micas.<\/span><\/p>\n<p><strong><span style=\"color: #000000\">I.2 ORGANIZA<\/span><\/strong><br \/>\n<span style=\"color: #000000\">Departamento acad\u00e9mico de Matem\u00e1ticas y Escuela Profesional de<\/span><span style=\"color: #000000\">Matem\u00e1ticas de la Facultad de Ciencia Naturales y Formales por los 194 a\u00f1os <\/span><span style=\"color: #000000\">de fundaci\u00f3n institucional de la Universidad Nacional de San Agust\u00edn de <\/span><span style=\"color: #000000\">Arequipa.<\/span><\/p>\n<p><strong><span style=\"color: #000000\">I.3 DIRIGIDO A<\/span><\/strong><\/p>\n<ul>\n<li><span style=\"color: #000000\">Estudiantes de pregrado y postgrado relacionado con las diferentes \u00e1reas <\/span><span style=\"color: #000000\">de Matem\u00e1ticas y sus aplicaciones de la matem\u00e1tica.<\/span><\/li>\n<li><span style=\"color: #000000\">Docentes e investigadores de matem\u00e1ticas y de \u00e1reas afines.<\/span><\/li>\n<li><span style=\"color: #000000\">Profesionales que tengan relaci\u00f3n con matem\u00e1ticas, y sus aplicaciones de <\/span><span style=\"color: #000000\">la matem\u00e1tica.<\/span><\/li>\n<\/ul>\n<p><strong><span style=\"color: #000000\">I.4 DURACI\u00d3N<\/span><\/strong><br \/>\n<span style=\"color: #000000\">Esta actividad se realizar\u00e1 del 07 de noviembre del 2022 al 11 de noviembre <\/span><span style=\"color: #000000\">del 2022.<\/span><\/p>\n<p><strong><span style=\"color: #000000\">II. RESE\u00d1A <\/span><\/strong><span style=\"color: #000000\"><strong>HIST\u00d3RICA<\/strong><\/span><\/p>\n<p><span style=\"color: #000000\">La Escuela Profesional de Matem\u00e1ticas junto al Departamento Acad\u00e9mico de Matem\u00e1ticas, desde el a\u00f1o 2002, viene organizando eventos acad\u00e9micos con la participaci\u00f3n de investigadores locales, nacionales e internacionales. Entre los eventos m\u00e1s destacados podemos mencionar: El Coloquio Nacional de Matem\u00e1tica; Primer y Segundo Workshop Internacional de Matem\u00e1tica; Primer y Segundo Seminario Internacional de An\u00e1lisis Funcional y Geometr\u00eda; EMALCA 2012, EMALCA 2021 (Escuela de Matem\u00e1ticas de Am\u00e9rica Latina y del Caribe); entre otros.<\/span><\/p>\n<p><span style=\"color: #000000\">Adem\u00e1s, anualmente se recibe la visita de destacados investigadores nacionales e internacionales que fomentan la investigaci\u00f3n y la formaci\u00f3n de grupos de investigaci\u00f3n con la participaci\u00f3n de estudiantes de pregrado de la Escuela Profesional de Matem\u00e1ticas, estudiantes de posgrado de la Maestr\u00eda en Matem\u00e1ticas, y docentes del Departamento Acad\u00e9mico de Matem\u00e1ticas.<\/span><\/p>\n<p><span style=\"color: #000000\">La realizaci\u00f3n del presente Seminario Internacional de Matem\u00e1ticas, e s la internacionalizaci\u00f3n del Seminario Regional de Matem\u00e1ticas que se ven\u00eda realizando desde el 2008 al 2015.<\/span><\/p>\n<p><strong><span style=\"color: #000000\">III. JUSTIFICACI\u00d3N<\/span><\/strong><\/p>\n<p><span style=\"color: #000000\">Ante la necesidad de realizar investigaci\u00f3n cient\u00edfica y actualizaci\u00f3n permanente en <\/span><span style=\"color: #000000\">nuestra casa de estudios, es prioridad realizar eventos que contribuyan al <\/span><span style=\"color: #000000\">fortalecimiento acad\u00e9mico y cient\u00edfico de la matem\u00e1tica en nuestra universidad.<\/span><\/p>\n<p><strong><span style=\"color: #000000\">IV. OBJETIVOS<\/span><\/strong><br \/>\n<span style=\"color: #000000\"><strong>a)<\/strong> Contribuir y fortalecer el inter\u00e9s de los estudiantes y docentes en la <\/span><span style=\"color: #000000\">investigaci\u00f3n, la ense\u00f1anza de la matem\u00e1tica, y aplicaciones de la matem\u00e1tica.<\/span><br \/>\n<span style=\"color: #000000\"><strong>b)<\/strong> Fomentar la realizaci\u00f3n y difusi\u00f3n de proyectos de investigaci\u00f3n por parte de los <\/span><span style=\"color: #000000\">docentes y estudiantes de pregrado y posgrado.<\/span><br \/>\n<span style=\"color: #000000\"><strong>c)<\/strong> Promover el intercambio acad\u00e9mico entre investigadores, estudiantes de <\/span><span style=\"color: #000000\">pregrado y posgrado de Matem\u00e1ticas a nivel nacional e internacional con <\/span><span style=\"color: #000000\">investigadores de Matem\u00e1tica, y centros de investigaci\u00f3n multidisciplinaria. En <\/span><span style=\"color: #000000\">particular con centros de investigaci\u00f3n de matem\u00e1ticas con los cuales la <\/span><span style=\"color: #000000\">Universidad Nacional de San Agust\u00edn de Arequipa tiene convenio.<\/span><\/p>\n<p><strong><span style=\"color: #000000\">V. CRONOGRAMA<\/span><\/strong><\/p>\n<p><img loading=\"lazy\" decoding=\"async\" class=\"alignnone wp-image-2341 size-full\" src=\"https:\/\/fcnf.unsa.edu.pe\/matematica\/wp-content\/uploads\/sites\/3\/2022\/09\/CRONOGRAMA.jpg\" alt=\"\" width=\"792\" height=\"62\" srcset=\"https:\/\/fcnf.unsa.edu.pe\/matematica\/wp-content\/uploads\/sites\/3\/2022\/09\/CRONOGRAMA.jpg 792w, https:\/\/fcnf.unsa.edu.pe\/matematica\/wp-content\/uploads\/sites\/3\/2022\/09\/CRONOGRAMA-768x60.jpg 768w\" sizes=\"auto, (max-width: 792px) 100vw, 792px\" \/><\/p>\n<p><span style=\"color: #000000\"><strong>VI. SESI\u00d3N DE POSTER<\/strong><\/span><\/p>\n<p><span style=\"color: #000000\">En este Seminario Internacional de Matem\u00e1ticas, con el objetivo de fomentar la realizaci\u00f3n de proyectos de investigaci\u00f3n de iniciaci\u00f3n en los estudiantes de pregrado y posgrado de Matem\u00e1ticas y otras \u00e1reas, se ha considerado sesiones de poster donde los estudiantes presentar\u00e1n trabajos finales de su carrera profesional y en algunos casos avances importantes de sus trabajos de tesis.\u00a0<\/span><\/p>\n<p><span style=\"color: #000000\">Como un incentivo a la labor de investigaci\u00f3n que realizan nuestros estudiantes de pregrado se premiar\u00e1 un trabajo de investigaci\u00f3n de matem\u00e1tica pura y otro en investigaci\u00f3n en matem\u00e1tica aplicada.<\/span><\/p>\n<p><span style=\"color: #000000\"><strong>VII. P\u00daBLICO PARTICIPANTE<\/strong><\/span><\/p>\n<ul>\n<li><span style=\"color: #000000\">Docentes de las diferentes universidades nacionales y extranjeras.<\/span><\/li>\n<li><span style=\"color: #000000\">Estudiantes de pregrado y posgrado.<\/span><\/li>\n<li><span style=\"color: #000000\">Profesionales en matem\u00e1ticas y otras \u00e1reas.<\/span><\/li>\n<li><span style=\"color: #000000\">P\u00fablico en general.<\/span><\/li>\n<\/ul>\n<p><strong><span style=\"color: #000000\">VIII. COMISI\u00d3N ORGANIZADORA<\/span><\/strong><\/p>\n<p><span style=\"color: #000000\"> La Comisi\u00f3n Organizadora del evento estar\u00e1 conformada por los integrantes de las siguientes comisiones de la Escuela Profesional de Matem\u00e1tica<\/span><\/p>\n<ul>\n<li><span style=\"color: #000000\">Comisi\u00f3n central<\/span>\n<ol>\n<li><span style=\"color: #000000\">Dra Judith Hayde Cruz Torres &#8211; Presidenta<\/span><\/li>\n<li><span style=\"color: #000000\">Luisa Victoria Villaverde Retamozo<\/span><\/li>\n<li><span style=\"color: #000000\">Jenny Laura Callo Huayna<\/span><\/li>\n<li><span style=\"color: #000000\">Tulio Gilberto Bravo Palomino<\/span><\/li>\n<li><span style=\"color: #000000\">Pedro Alberto Mamani Apaza<\/span><\/li>\n<\/ol>\n<\/li>\n<li><span style=\"color: #000000\">Comisi\u00f3n acad\u00e9mica<\/span>\n<ol>\n<li><span style=\"color: #000000\">Richard Manuel Mamani Troncoso<\/span><\/li>\n<li><span style=\"color: #000000\">Javier Ordo\u00f1ez Barrientos<\/span><\/li>\n<li><span style=\"color: #000000\">Vladimir Alfonso Rosas Meneses<\/span><\/li>\n<\/ol>\n<\/li>\n<li><span style=\"color: #000000\">Comisi\u00f3n log\u00edstica<\/span>\n<ol>\n<li><span style=\"color: #000000\">Ronald Bladimiro Ticona M\u00e9ndez<\/span><\/li>\n<li><span style=\"color: #000000\">Bidder Sabino Calapuja Sambrano<\/span><\/li>\n<li><span style=\"color: #000000\">Fredy Wilfredo Tito Huayapa<\/span><\/li>\n<li><span style=\"color: #000000\">Roger Edwar Mestas Ch\u00e1vez<\/span><\/li>\n<\/ol>\n<\/li>\n<li><span style=\"color: #000000\">Comisi\u00f3n de difusi\u00f3n<\/span>\n<ol>\n<li><span style=\"color: #000000\">Angelica Esperanza Choqueluque Rom\u00e1n<\/span><\/li>\n<li><span style=\"color: #000000\">Anita Mamani Champi<\/span><\/li>\n<li><span style=\"color: #000000\">Jorge Washington Tarqui Ayala<\/span><\/li>\n<li><span style=\"color: #000000\">Rolando Linares Delgado<\/span><\/li>\n<li><span style=\"color: #000000\">Claudio Francisco Vera Nina<\/span><\/li>\n<\/ol>\n<\/li>\n<li><span style=\"color: #000000\">Comisi\u00f3n de protocolo y recepci\u00f3n de ponentes<\/span>\n<ol>\n<li><span style=\"color: #000000\">Maritza Tula Guti\u00e9rrez Morales<\/span><\/li>\n<li><span style=\"color: #000000\">Angel Carlos Wilfredo Sangiacomo Carazas<\/span><\/li>\n<li><span style=\"color: #000000\">Elizabeth Mercedes Zea Torres<\/span><\/li>\n<li><span style=\"color: #000000\">Brayan Adolfo Mujica Guzm\u00e1n<\/span><\/li>\n<li><span style=\"color: #000000\">Aldo Sarmiento Guevara<\/span><\/li>\n<\/ol>\n<\/li>\n<li><span style=\"color: #000000\">Comisi\u00f3n de inscripciones y certificaci\u00f3n<\/span>\n<ol>\n<li><span style=\"color: #000000\">Elsa Mamani Palomino<\/span><\/li>\n<li><span style=\"color: #000000\">Vidal Mart\u00edn Bola\u00f1os Ugarte<\/span><\/li>\n<li><span style=\"color: #000000\">Edwing Alexander Gonzales Quilca<\/span><\/li>\n<li><span style=\"color: #000000\">Judid Carina Viza Huayllaso<\/span><\/li>\n<li><span style=\"color: #000000\">Rosa Rosario Alviz Alvaro<\/span><\/li>\n<\/ol>\n<\/li>\n<li><span style=\"color: #000000\">Comisi\u00f3n de asistencia y encuesta de satisfacci\u00f3n<\/span>\n<ol>\n<li><span style=\"color: #000000\">Roc\u00edo Bellido D\u00e1vila<\/span><\/li>\n<li><span style=\"color: #000000\">Luz Marina V\u00e1squez Quispe<\/span><\/li>\n<li><span style=\"color: #000000\">Brito Elmer Sierra Huahuachampi<\/span><\/li>\n<li><span style=\"color: #000000\">Nancy Elguera Garrafa<\/span><\/li>\n<li><span style=\"color: #000000\">Ferdinand Zeballos<\/span><\/li>\n<\/ol>\n<\/li>\n<\/ul>\n<p><strong><span style=\"color: #000000\">IX. CERTIFICACI\u00d3N Y ASISTENCIA<\/span><\/strong><\/p>\n<ul>\n<li><span style=\"color: #000000\">Asistente: Tener el 80% de asistencia como m\u00ednimo.<\/span><\/li>\n<\/ul>\n<p><span style=\"color: #000000\">La entrega de certificados ser\u00e1 realizada en forma presencial (f\u00edsica).<\/span><\/p>\n<p><img loading=\"lazy\" decoding=\"async\" class=\"alignnone wp-image-2385 size-full\" src=\"https:\/\/fcnf.unsa.edu.pe\/matematica\/wp-content\/uploads\/sites\/3\/2022\/10\/contacto.jpg\" alt=\"\" width=\"607\" height=\"168\" \/><\/p>\n<p><img loading=\"lazy\" decoding=\"async\" class=\"alignnone size-full wp-image-2386\" src=\"https:\/\/fcnf.unsa.edu.pe\/matematica\/wp-content\/uploads\/sites\/3\/2022\/10\/organoizadores.jpg\" alt=\"\" width=\"250\" height=\"189\" srcset=\"https:\/\/fcnf.unsa.edu.pe\/matematica\/wp-content\/uploads\/sites\/3\/2022\/10\/organoizadores.jpg 250w, https:\/\/fcnf.unsa.edu.pe\/matematica\/wp-content\/uploads\/sites\/3\/2022\/10\/organoizadores-88x67.jpg 88w\" sizes=\"auto, (max-width: 250px) 100vw, 250px\" \/><\/p>\n<p>&nbsp;<\/p>\n","protected":false},"excerpt":{"rendered":"<p>INICIO\u00a0 \u00a0 PROGRAMA\u00a0 CURSOS Y CONFERENCIAS\u00a0 MATERIAL\u00a0 \u00a0 \u00a0 VACANTES E INSCRIPCIONES &nbsp; SEMINARIO INTERNACIONAL DE MATEM\u00c1TICAS \u00a0I. GENERALIDADES\u00a0 I.1 Seminario Internacional de Matem\u00e1ticas que tendr\u00e1 una duraci\u00f3n de 40 horas acad\u00e9micas. I.2 ORGANIZA Departamento acad\u00e9mico de Matem\u00e1ticas y Escuela Profesional deMatem\u00e1ticas de la Facultad de Ciencia Naturales y Formales por los 194 a\u00f1os de [&hellip;]<\/p>\n","protected":false},"author":2,"featured_media":2400,"parent":0,"menu_order":0,"comment_status":"closed","ping_status":"closed","template":"page-blanco.php","meta":{"_acf_changed":false,"footnotes":""},"class_list":["post-2274","page","type-page","status-publish","has-post-thumbnail","hentry"],"acf":[],"_links":{"self":[{"href":"https:\/\/fcnf.unsa.edu.pe\/matematica\/wp-json\/wp\/v2\/pages\/2274","targetHints":{"allow":["GET"]}}],"collection":[{"href":"https:\/\/fcnf.unsa.edu.pe\/matematica\/wp-json\/wp\/v2\/pages"}],"about":[{"href":"https:\/\/fcnf.unsa.edu.pe\/matematica\/wp-json\/wp\/v2\/types\/page"}],"author":[{"embeddable":true,"href":"https:\/\/fcnf.unsa.edu.pe\/matematica\/wp-json\/wp\/v2\/users\/2"}],"replies":[{"embeddable":true,"href":"https:\/\/fcnf.unsa.edu.pe\/matematica\/wp-json\/wp\/v2\/comments?post=2274"}],"version-history":[{"count":29,"href":"https:\/\/fcnf.unsa.edu.pe\/matematica\/wp-json\/wp\/v2\/pages\/2274\/revisions"}],"predecessor-version":[{"id":2460,"href":"https:\/\/fcnf.unsa.edu.pe\/matematica\/wp-json\/wp\/v2\/pages\/2274\/revisions\/2460"}],"wp:featuredmedia":[{"embeddable":true,"href":"https:\/\/fcnf.unsa.edu.pe\/matematica\/wp-json\/wp\/v2\/media\/2400"}],"wp:attachment":[{"href":"https:\/\/fcnf.unsa.edu.pe\/matematica\/wp-json\/wp\/v2\/media?parent=2274"}],"curies":[{"name":"wp","href":"https:\/\/api.w.org\/{rel}","templated":true}]}}