{"id":2267,"date":"2022-09-22T18:05:44","date_gmt":"2022-09-22T23:05:44","guid":{"rendered":"https:\/\/fcnf.unsa.edu.pe\/matematica\/?page_id=2267"},"modified":"2023-09-14T14:40:43","modified_gmt":"2023-09-14T19:40:43","slug":"acreditacion","status":"publish","type":"page","link":"https:\/\/fcnf.unsa.edu.pe\/matematica\/acreditacion\/","title":{"rendered":"ACREDITACI\u00d3N"},"content":{"rendered":"<ul>\n<li><b>Acreditada por los Comit\u00e9s Interinstitucionales para la evaluaci\u00f3n de la Educaci\u00f3n Superior (CIEES), cumpliendo sus 12 categor\u00edas.\u00a0<\/b><\/li>\n<\/ul>\n<p><img loading=\"lazy\" decoding=\"async\" class=\"alignnone wp-image-2784 \" src=\"https:\/\/fcnf.unsa.edu.pe\/matematica\/wp-content\/uploads\/sites\/3\/2023\/09\/Xerox-Scan_13092023093332_page-0001.jpg\" alt=\"\" width=\"604\" height=\"854\" srcset=\"https:\/\/fcnf.unsa.edu.pe\/matematica\/wp-content\/uploads\/sites\/3\/2023\/09\/Xerox-Scan_13092023093332_page-0001.jpg 1241w, https:\/\/fcnf.unsa.edu.pe\/matematica\/wp-content\/uploads\/sites\/3\/2023\/09\/Xerox-Scan_13092023093332_page-0001-768x1086.jpg 768w, https:\/\/fcnf.unsa.edu.pe\/matematica\/wp-content\/uploads\/sites\/3\/2023\/09\/Xerox-Scan_13092023093332_page-0001-1086x1536.jpg 1086w\" sizes=\"auto, (max-width: 604px) 100vw, 604px\" \/><\/p>\n<p><strong>\u00a0 \u00a0 \u00a0 \u00a0<\/strong><img loading=\"lazy\" decoding=\"async\" class=\"alignnone wp-image-2758\" src=\"https:\/\/fcnf.unsa.edu.pe\/matematica\/wp-content\/uploads\/sites\/3\/2023\/07\/20230711_095921-scaled.jpg\" alt=\"\" width=\"625\" height=\"469\" srcset=\"https:\/\/fcnf.unsa.edu.pe\/matematica\/wp-content\/uploads\/sites\/3\/2023\/07\/20230711_095921-scaled.jpg 2560w, https:\/\/fcnf.unsa.edu.pe\/matematica\/wp-content\/uploads\/sites\/3\/2023\/07\/20230711_095921-88x67.jpg 88w, https:\/\/fcnf.unsa.edu.pe\/matematica\/wp-content\/uploads\/sites\/3\/2023\/07\/20230711_095921-768x576.jpg 768w, https:\/\/fcnf.unsa.edu.pe\/matematica\/wp-content\/uploads\/sites\/3\/2023\/07\/20230711_095921-1536x1152.jpg 1536w, https:\/\/fcnf.unsa.edu.pe\/matematica\/wp-content\/uploads\/sites\/3\/2023\/07\/20230711_095921-2048x1536.jpg 2048w\" sizes=\"auto, (max-width: 625px) 100vw, 625px\" \/><\/p>\n<p><img loading=\"lazy\" decoding=\"async\" class=\"alignnone wp-image-2768\" src=\"https:\/\/fcnf.unsa.edu.pe\/matematica\/wp-content\/uploads\/sites\/3\/2023\/07\/20230712_1400190-scaled.jpg\" alt=\"\" width=\"625\" height=\"469\" srcset=\"https:\/\/fcnf.unsa.edu.pe\/matematica\/wp-content\/uploads\/sites\/3\/2023\/07\/20230712_1400190-scaled.jpg 2560w, https:\/\/fcnf.unsa.edu.pe\/matematica\/wp-content\/uploads\/sites\/3\/2023\/07\/20230712_1400190-88x67.jpg 88w, https:\/\/fcnf.unsa.edu.pe\/matematica\/wp-content\/uploads\/sites\/3\/2023\/07\/20230712_1400190-768x576.jpg 768w, https:\/\/fcnf.unsa.edu.pe\/matematica\/wp-content\/uploads\/sites\/3\/2023\/07\/20230712_1400190-1536x1152.jpg 1536w, https:\/\/fcnf.unsa.edu.pe\/matematica\/wp-content\/uploads\/sites\/3\/2023\/07\/20230712_1400190-2048x1536.jpg 2048w\" sizes=\"auto, (max-width: 625px) 100vw, 625px\" \/><\/p>\n<p><img loading=\"lazy\" decoding=\"async\" class=\"alignnone wp-image-2770\" src=\"https:\/\/fcnf.unsa.edu.pe\/matematica\/wp-content\/uploads\/sites\/3\/2023\/07\/20230711_095252-scaled.jpg\" alt=\"\" width=\"647\" height=\"485\" srcset=\"https:\/\/fcnf.unsa.edu.pe\/matematica\/wp-content\/uploads\/sites\/3\/2023\/07\/20230711_095252-scaled.jpg 2560w, https:\/\/fcnf.unsa.edu.pe\/matematica\/wp-content\/uploads\/sites\/3\/2023\/07\/20230711_095252-88x67.jpg 88w, https:\/\/fcnf.unsa.edu.pe\/matematica\/wp-content\/uploads\/sites\/3\/2023\/07\/20230711_095252-768x576.jpg 768w, https:\/\/fcnf.unsa.edu.pe\/matematica\/wp-content\/uploads\/sites\/3\/2023\/07\/20230711_095252-1536x1152.jpg 1536w, https:\/\/fcnf.unsa.edu.pe\/matematica\/wp-content\/uploads\/sites\/3\/2023\/07\/20230711_095252-2048x1536.jpg 2048w\" sizes=\"auto, (max-width: 647px) 100vw, 647px\" \/><\/p>\n<p><iframe loading=\"lazy\" title=\"Escuela Profesional de Matem\u00e1tica de la UNSA\" width=\"500\" height=\"281\" src=\"https:\/\/www.youtube.com\/embed\/Yogbqy-vb5M?feature=oembed\" frameborder=\"0\" allow=\"accelerometer; autoplay; clipboard-write; encrypted-media; gyroscope; picture-in-picture; web-share\" referrerpolicy=\"strict-origin-when-cross-origin\" allowfullscreen><\/iframe><\/p>\n","protected":false},"excerpt":{"rendered":"<p>Acreditada por los Comit\u00e9s Interinstitucionales para la evaluaci\u00f3n de la Educaci\u00f3n Superior (CIEES), cumpliendo sus 12 categor\u00edas.\u00a0 \u00a0 \u00a0 \u00a0 \u00a0<\/p>\n","protected":false},"author":2,"featured_media":2775,"parent":0,"menu_order":0,"comment_status":"closed","ping_status":"closed","template":"","meta":{"_acf_changed":false,"footnotes":""},"class_list":["post-2267","page","type-page","status-publish","has-post-thumbnail","hentry"],"acf":[],"_links":{"self":[{"href":"https:\/\/fcnf.unsa.edu.pe\/matematica\/wp-json\/wp\/v2\/pages\/2267","targetHints":{"allow":["GET"]}}],"collection":[{"href":"https:\/\/fcnf.unsa.edu.pe\/matematica\/wp-json\/wp\/v2\/pages"}],"about":[{"href":"https:\/\/fcnf.unsa.edu.pe\/matematica\/wp-json\/wp\/v2\/types\/page"}],"author":[{"embeddable":true,"href":"https:\/\/fcnf.unsa.edu.pe\/matematica\/wp-json\/wp\/v2\/users\/2"}],"replies":[{"embeddable":true,"href":"https:\/\/fcnf.unsa.edu.pe\/matematica\/wp-json\/wp\/v2\/comments?post=2267"}],"version-history":[{"count":17,"href":"https:\/\/fcnf.unsa.edu.pe\/matematica\/wp-json\/wp\/v2\/pages\/2267\/revisions"}],"predecessor-version":[{"id":2782,"href":"https:\/\/fcnf.unsa.edu.pe\/matematica\/wp-json\/wp\/v2\/pages\/2267\/revisions\/2782"}],"wp:featuredmedia":[{"embeddable":true,"href":"https:\/\/fcnf.unsa.edu.pe\/matematica\/wp-json\/wp\/v2\/media\/2775"}],"wp:attachment":[{"href":"https:\/\/fcnf.unsa.edu.pe\/matematica\/wp-json\/wp\/v2\/media?parent=2267"}],"curies":[{"name":"wp","href":"https:\/\/api.w.org\/{rel}","templated":true}]}}