{"id":1759,"date":"2021-07-08T09:57:23","date_gmt":"2021-07-08T14:57:23","guid":{"rendered":"https:\/\/fcnf.unsa.edu.pe\/matematica\/?page_id=1759"},"modified":"2023-11-28T07:46:32","modified_gmt":"2023-11-28T12:46:32","slug":"estudiantes","status":"publish","type":"page","link":"https:\/\/fcnf.unsa.edu.pe\/matematica\/estudiantes\/","title":{"rendered":"Estudiantes"},"content":{"rendered":"<p><img loading=\"lazy\" decoding=\"async\" class=\"wp-image-2543 alignright\" src=\"https:\/\/fcnf.unsa.edu.pe\/matematica\/wp-content\/uploads\/sites\/3\/2023\/01\/20220505_080313-scaled.jpg\" alt=\"\" width=\"311\" height=\"414\" srcset=\"https:\/\/fcnf.unsa.edu.pe\/matematica\/wp-content\/uploads\/sites\/3\/2023\/01\/20220505_080313-scaled.jpg 1920w, https:\/\/fcnf.unsa.edu.pe\/matematica\/wp-content\/uploads\/sites\/3\/2023\/01\/20220505_080313-768x1024.jpg 768w, https:\/\/fcnf.unsa.edu.pe\/matematica\/wp-content\/uploads\/sites\/3\/2023\/01\/20220505_080313-1152x1536.jpg 1152w, https:\/\/fcnf.unsa.edu.pe\/matematica\/wp-content\/uploads\/sites\/3\/2023\/01\/20220505_080313-1536x2048.jpg 1536w\" sizes=\"auto, (max-width: 311px) 100vw, 311px\" \/><\/p>\n<table style=\"height: 482px\" width=\"512\">\n<tbody>\n<tr style=\"border-bottom: 1pt solid gray\">\n<td bgcolor=\"#DDE0FC\" width=\"240\"><strong>Semestre<\/strong><\/td>\n<td style=\"text-align: center\" bgcolor=\"#DDE0FC\" width=\"137\"><strong>Estudiantes Matriculados<\/strong><\/td>\n<td style=\"text-align: center\" bgcolor=\"#DDE0FC\" width=\"93\"><strong>Estudiantes ingresantes<\/strong><\/td>\n<td bgcolor=\"#DDE0FC\" width=\"96\">\n<p style=\"text-align: center\"><strong>Estudiantes egresados<\/strong><\/p>\n<\/td>\n<\/tr>\n<tr style=\"border-bottom: 1pt solid gray\">\n<td width=\"240\">A\u00f1o 2016: Semestre I<\/p>\n<p>Semestre II<\/td>\n<td width=\"137\">\n<p style=\"text-align: center\">370<\/p>\n<p style=\"text-align: center\">343<\/p>\n<\/td>\n<td style=\"text-align: center\" width=\"93\">118<\/td>\n<td width=\"96\">\n<p style=\"text-align: center\">15<\/p>\n<\/td>\n<\/tr>\n<tr style=\"border-bottom: 1pt solid gray\">\n<td width=\"240\">A\u00f1o 2017: Semestre I<\/p>\n<p>Semestre II<\/td>\n<td width=\"137\">\n<p style=\"text-align: center\">343<\/p>\n<p style=\"text-align: center\">282<\/p>\n<\/td>\n<td style=\"text-align: center\" width=\"93\">94<\/td>\n<td width=\"96\">\n<p style=\"text-align: center\">22<\/p>\n<\/td>\n<\/tr>\n<tr style=\"border-bottom: 1pt solid gray\">\n<td width=\"240\">A\u00f1o 2018: Semestre I<\/p>\n<p>Semestre II<\/td>\n<td width=\"137\">\n<p style=\"text-align: center\">293<\/p>\n<p style=\"text-align: center\">243<\/p>\n<\/td>\n<td style=\"text-align: center\" width=\"93\">57<\/td>\n<td width=\"96\">\n<p style=\"text-align: center\">13<\/p>\n<\/td>\n<\/tr>\n<tr style=\"border-bottom: 1pt solid gray\">\n<td width=\"240\">A\u00f1o 2019: Semestre I<\/p>\n<p>Semestre II<\/td>\n<td width=\"137\">\n<p style=\"text-align: center\">285<\/p>\n<p style=\"text-align: center\">239<\/p>\n<\/td>\n<td style=\"text-align: center\" width=\"93\">71<\/td>\n<td width=\"96\">\n<p style=\"text-align: center\">31<\/p>\n<\/td>\n<\/tr>\n<tr style=\"border-bottom: 1pt solid gray\">\n<td width=\"240\">A\u00f1o 2020: Semestre I<\/p>\n<p>Semestre II<\/td>\n<td width=\"137\">\n<p style=\"text-align: center\">242<\/p>\n<p style=\"text-align: center\">269<\/p>\n<\/td>\n<td style=\"text-align: center\" width=\"93\">71<\/td>\n<td width=\"96\">\n<p style=\"text-align: center\">25<\/p>\n<\/td>\n<\/tr>\n<tr style=\"border-bottom: 1pt solid gray\">\n<td width=\"240\">A\u00f1o 2021: Semestre I<\/p>\n<p>Semestre II<\/td>\n<td width=\"137\">\n<p style=\"text-align: center\">283<\/p>\n<p style=\"text-align: center\">246<\/p>\n<\/td>\n<td style=\"text-align: center\" width=\"93\">55<\/td>\n<td width=\"96\">\n<p style=\"text-align: center\">24<\/p>\n<\/td>\n<\/tr>\n<tr style=\"border-bottom: 1pt solid gray\">\n<td width=\"240\">A\u00f1o 2022: Semestre I<\/p>\n<p>Semestre II<\/td>\n<td width=\"137\">\n<p style=\"text-align: center\">273<\/p>\n<p style=\"text-align: center\">234<\/p>\n<\/td>\n<td style=\"text-align: center\" width=\"93\">66<\/td>\n<td width=\"96\">\n<p style=\"text-align: center\">\n<\/td>\n<\/tr>\n<tr style=\"border-bottom: 1pt solid gray\">\n<td width=\"240\">A\u00f1o 2023: Semestre I<\/p>\n<p>Semestre II<\/td>\n<td width=\"137\">\n<p style=\"text-align: center\">283<\/p>\n<p style=\"text-align: center\">247<\/p>\n<\/td>\n<td style=\"text-align: center\" width=\"93\"><\/td>\n<td width=\"96\">\n<p style=\"text-align: center\">\n<\/td>\n<\/tr>\n<\/tbody>\n<\/table>\n","protected":false},"excerpt":{"rendered":"<p>Semestre Estudiantes Matriculados Estudiantes ingresantes Estudiantes egresados A\u00f1o 2016: Semestre I Semestre II 370 343 118 15 A\u00f1o 2017: Semestre I Semestre II 343 282 94 22 A\u00f1o 2018: Semestre I Semestre II 293 243 57 13 A\u00f1o 2019: Semestre I Semestre II 285 239 71 31 A\u00f1o 2020: Semestre I Semestre II 242 269 [&hellip;]<\/p>\n","protected":false},"author":2,"featured_media":0,"parent":0,"menu_order":0,"comment_status":"closed","ping_status":"closed","template":"","meta":{"_acf_changed":false,"footnotes":""},"class_list":["post-1759","page","type-page","status-publish","hentry"],"acf":[],"_links":{"self":[{"href":"https:\/\/fcnf.unsa.edu.pe\/matematica\/wp-json\/wp\/v2\/pages\/1759","targetHints":{"allow":["GET"]}}],"collection":[{"href":"https:\/\/fcnf.unsa.edu.pe\/matematica\/wp-json\/wp\/v2\/pages"}],"about":[{"href":"https:\/\/fcnf.unsa.edu.pe\/matematica\/wp-json\/wp\/v2\/types\/page"}],"author":[{"embeddable":true,"href":"https:\/\/fcnf.unsa.edu.pe\/matematica\/wp-json\/wp\/v2\/users\/2"}],"replies":[{"embeddable":true,"href":"https:\/\/fcnf.unsa.edu.pe\/matematica\/wp-json\/wp\/v2\/comments?post=1759"}],"version-history":[{"count":25,"href":"https:\/\/fcnf.unsa.edu.pe\/matematica\/wp-json\/wp\/v2\/pages\/1759\/revisions"}],"predecessor-version":[{"id":2847,"href":"https:\/\/fcnf.unsa.edu.pe\/matematica\/wp-json\/wp\/v2\/pages\/1759\/revisions\/2847"}],"wp:attachment":[{"href":"https:\/\/fcnf.unsa.edu.pe\/matematica\/wp-json\/wp\/v2\/media?parent=1759"}],"curies":[{"name":"wp","href":"https:\/\/api.w.org\/{rel}","templated":true}]}}