{"id":1757,"date":"2021-07-08T09:57:23","date_gmt":"2021-07-08T14:57:23","guid":{"rendered":"https:\/\/fcnf.unsa.edu.pe\/matematica\/?page_id=1757"},"modified":"2023-01-10T07:26:32","modified_gmt":"2023-01-10T12:26:32","slug":"postulantes-2","status":"publish","type":"page","link":"https:\/\/fcnf.unsa.edu.pe\/matematica\/postulantes-2\/","title":{"rendered":"Postulantes"},"content":{"rendered":"<h4><strong>\u00bfPor qu\u00e9 estudiar Matem\u00e1ticas?<\/strong><\/h4>\n<p style=\"text-align: justify\">Las matem\u00e1ticas son una ciencia exacta, a diferencias de otras ciencias, por lo cual no todas las personas se apasionen por la misma. Hay quienes no disfrutan realmente de ver n\u00fameros todo el d\u00eda, y hay quienes se abocan m\u00e1s a las \u00e1reas sociales o filos\u00f3ficas, \u00e1reas muy distantes de las metodolog\u00edas cuantitativas que se suscitan en la vida de los profesionales matem\u00e1ticos.<\/p>\n<h4 class=\"titulo-tab\"><strong>Perfil del Postulante<\/strong><\/h4>\n<div>\n<p style=\"text-align: justify\">El postulante a la Escuela Profesional de Matem\u00e1ticas debe tener:<br \/>\n1. Gusto y talento para las matem\u00e1ticas<br \/>\n2. Dominio de las matem\u00e1ticas b\u00e1sicas del nivel secundario: Aritm\u00e9tica, Algebra, Geometr\u00eda, Trigonometr\u00eda y Geometr\u00eda anal\u00edtica<br \/>\n3. Comprensi\u00f3n lectora y l\u00f3gica<br \/>\n4. Conocimiento b\u00e1sico del idioma ingl\u00e9s<br \/>\n5. Aptitud para el uso de las tecnolog\u00edas de la informaci\u00f3n y comunicaci\u00f3n<br \/>\n6. Disposici\u00f3n para el trabajo en equipo respetando la opini\u00f3n de los dem\u00e1s para el logro de resultados comunes.<\/p>\n<p>Ejes Tem\u00e1ticos\u00a0 \u00a0 \u00a0 \u00a0 \u00a0 \u00a0:\u00a0 <span style=\"color: #0000ff\"><a style=\"color: #0000ff\" href=\"https:\/\/fcnf.unsa.edu.pe\/matematica\/wp-content\/uploads\/sites\/3\/2021\/09\/temario2020.pdf\" target=\"_blank\" rel=\"noopener\">Ver Aqu\u00ed<\/a><\/span><\/p>\n<p>Cuadro de Vacantes\u00a0 :<span style=\"color: #0000ff\"> <a style=\"color: #0000ff\" href=\"https:\/\/fcnf.unsa.edu.pe\/matematica\/wp-content\/uploads\/sites\/3\/2021\/09\/RCU-N\u00b0-0181-2021-actualizada-1-5.pdf\" target=\"_blank\" rel=\"noopener\">Ver aqu\u00ed\u00a0<\/a><\/span><\/p>\n<\/div>\n","protected":false},"excerpt":{"rendered":"<p>\u00bfPor qu\u00e9 estudiar Matem\u00e1ticas? Las matem\u00e1ticas son una ciencia exacta, a diferencias de otras ciencias, por lo cual no todas las personas se apasionen por la misma. Hay quienes no disfrutan realmente de ver n\u00fameros todo el d\u00eda, y hay quienes se abocan m\u00e1s a las \u00e1reas sociales o filos\u00f3ficas, \u00e1reas muy distantes de las [&hellip;]<\/p>\n","protected":false},"author":2,"featured_media":2542,"parent":0,"menu_order":0,"comment_status":"closed","ping_status":"closed","template":"","meta":{"_acf_changed":false,"footnotes":""},"class_list":["post-1757","page","type-page","status-publish","has-post-thumbnail","hentry"],"acf":[],"_links":{"self":[{"href":"https:\/\/fcnf.unsa.edu.pe\/matematica\/wp-json\/wp\/v2\/pages\/1757","targetHints":{"allow":["GET"]}}],"collection":[{"href":"https:\/\/fcnf.unsa.edu.pe\/matematica\/wp-json\/wp\/v2\/pages"}],"about":[{"href":"https:\/\/fcnf.unsa.edu.pe\/matematica\/wp-json\/wp\/v2\/types\/page"}],"author":[{"embeddable":true,"href":"https:\/\/fcnf.unsa.edu.pe\/matematica\/wp-json\/wp\/v2\/users\/2"}],"replies":[{"embeddable":true,"href":"https:\/\/fcnf.unsa.edu.pe\/matematica\/wp-json\/wp\/v2\/comments?post=1757"}],"version-history":[{"count":6,"href":"https:\/\/fcnf.unsa.edu.pe\/matematica\/wp-json\/wp\/v2\/pages\/1757\/revisions"}],"predecessor-version":[{"id":2153,"href":"https:\/\/fcnf.unsa.edu.pe\/matematica\/wp-json\/wp\/v2\/pages\/1757\/revisions\/2153"}],"wp:featuredmedia":[{"embeddable":true,"href":"https:\/\/fcnf.unsa.edu.pe\/matematica\/wp-json\/wp\/v2\/media\/2542"}],"wp:attachment":[{"href":"https:\/\/fcnf.unsa.edu.pe\/matematica\/wp-json\/wp\/v2\/media?parent=1757"}],"curies":[{"name":"wp","href":"https:\/\/api.w.org\/{rel}","templated":true}]}}