{"id":1105,"date":"2017-07-31T17:57:53","date_gmt":"2017-07-31T17:57:53","guid":{"rendered":"http:\/\/www2.unsa.edu.pe\/escuelas\/matematicas\/?page_id=1105"},"modified":"2021-07-08T09:07:08","modified_gmt":"2021-07-08T14:07:08","slug":"resena-historica","status":"publish","type":"page","link":"https:\/\/fcnf.unsa.edu.pe\/matematica\/resena-historica\/","title":{"rendered":"Rese\u00f1a Hist\u00f3rica"},"content":{"rendered":"<p>Por\u00a0Resoluci\u00f3n del Consejo Nacional de la Universidad Peruana \u00a0N\u00ba4909-77_CONUP del 13 de abril de 1977\u00a0se autoriz\u00f3 la creaci\u00f3n del <strong>PROGRAMA ACAD\u00c9MICO DE MATEM\u00c1TICAS<\/strong> que posteriormente se cambiar\u00eda el nombre por el de\u00a0<strong>ESCUELA PROFESIONAL DE MATEM\u00c1TICAS<\/strong>, la misma que actualmente viene funcionando en el edificio Evariste Galois del \u00e1rea de ingenier\u00edas de la Universidad Nacional de San Agust\u00edn de Arequipa.<\/p>\n<p>La primera directora fue la Mg. Elizabeth Silva de Rosand y sucedi\u00e9ndole en el cargo los siguiente docentes: Mg. Sixto G\u00f3mez Salcedo, Prof. Walter Torres Montes, Mg. Jaime Bravo Febres, Mg. Aldo Sarmiento Guevara, Prof. Walter Torres Montes, Mg. Aldo Sarmiento Guevara, Mg. Pedro Rend\u00f3n castro, Mg Elard Guti\u00e9rrez Rodr\u00edguez, Dr. Vladimir Rosas Meneses, Mg Tulio Bravo Palomino, Lic. Renzo Osorio Ccoya, Mg. Pedro Mamani Apaza y Dr Vladimir Rosas Meneses,<\/p>\n<p>Su primera secretaria fue la se\u00f1ora Miriam G\u00e1ldos T\u00e9llez y sucedi\u00e9ndole a la fecha la se\u00f1ora Eleana Rodr\u00edguez Gallegos.<\/p>\n","protected":false},"excerpt":{"rendered":"<p>Por\u00a0Resoluci\u00f3n del Consejo Nacional de la Universidad Peruana \u00a0N\u00ba4909-77_CONUP del 13 de abril de 1977\u00a0se autoriz\u00f3 la creaci\u00f3n del PROGRAMA ACAD\u00c9MICO DE MATEM\u00c1TICAS que posteriormente se cambiar\u00eda el nombre por el de\u00a0ESCUELA PROFESIONAL DE MATEM\u00c1TICAS, la misma que actualmente viene funcionando en el edificio Evariste Galois del \u00e1rea de ingenier\u00edas de la Universidad Nacional de [&hellip;]<\/p>\n","protected":false},"author":1,"featured_media":1738,"parent":0,"menu_order":0,"comment_status":"closed","ping_status":"closed","template":"","meta":{"_acf_changed":false,"footnotes":""},"class_list":["post-1105","page","type-page","status-publish","has-post-thumbnail","hentry"],"acf":[],"_links":{"self":[{"href":"https:\/\/fcnf.unsa.edu.pe\/matematica\/wp-json\/wp\/v2\/pages\/1105","targetHints":{"allow":["GET"]}}],"collection":[{"href":"https:\/\/fcnf.unsa.edu.pe\/matematica\/wp-json\/wp\/v2\/pages"}],"about":[{"href":"https:\/\/fcnf.unsa.edu.pe\/matematica\/wp-json\/wp\/v2\/types\/page"}],"author":[{"embeddable":true,"href":"https:\/\/fcnf.unsa.edu.pe\/matematica\/wp-json\/wp\/v2\/users\/1"}],"replies":[{"embeddable":true,"href":"https:\/\/fcnf.unsa.edu.pe\/matematica\/wp-json\/wp\/v2\/comments?post=1105"}],"version-history":[{"count":3,"href":"https:\/\/fcnf.unsa.edu.pe\/matematica\/wp-json\/wp\/v2\/pages\/1105\/revisions"}],"predecessor-version":[{"id":1564,"href":"https:\/\/fcnf.unsa.edu.pe\/matematica\/wp-json\/wp\/v2\/pages\/1105\/revisions\/1564"}],"wp:featuredmedia":[{"embeddable":true,"href":"https:\/\/fcnf.unsa.edu.pe\/matematica\/wp-json\/wp\/v2\/media\/1738"}],"wp:attachment":[{"href":"https:\/\/fcnf.unsa.edu.pe\/matematica\/wp-json\/wp\/v2\/media?parent=1105"}],"curies":[{"name":"wp","href":"https:\/\/api.w.org\/{rel}","templated":true}]}}