{"id":1997,"date":"2018-12-07T10:31:02","date_gmt":"2018-12-07T15:31:02","guid":{"rendered":"https:\/\/fcnf.unsa.edu.pe\/fisica\/?page_id=1997"},"modified":"2021-07-12T11:55:40","modified_gmt":"2021-07-12T16:55:40","slug":"objetivos-educacionales","status":"publish","type":"page","link":"https:\/\/fcnf.unsa.edu.pe\/fisica\/objetivos-educacionales\/","title":{"rendered":"Objetivos Educacionales"},"content":{"rendered":"<p style=\"text-align: justify\"><strong>A.<\/strong> Liderar y gestionar proyectos de investigaci\u00f3n en f\u00edsica y\/o multidisciplinarios que involucren las ciencias b\u00e1sicas y aplicadas con \u00e9tica profesional.<\/p>\n<p style=\"text-align: justify\"><strong>B.<\/strong> Evaluar soluciones metodol\u00f3gicas y utiliza las herramientas tecnol\u00f3gicas, para resolver problemas relacionados con la ense\u00f1anza \u2013 aprendizaje de la f\u00edsica en el nivel superior con rigor cient\u00edfico.<\/p>\n<p style=\"text-align: justify\"><strong>C.<\/strong> Fortalecer de manera permanente las competencias para realizar investigaci\u00f3n e innovaci\u00f3n de forma cr\u00edtica y reflexiva, comprometido con su desarrollo profesional y responsabilidad social.<\/p>\n<p style=\"text-align: justify\"><strong>D.<\/strong> Aporta soluciones a problemas relacionados con la industria y \u00e1reas afines, dise\u00f1ando o mejorando modelos F\u00edsicos y simulaciones computacionales con \u00e9tica profesional.<\/p>\n","protected":false},"excerpt":{"rendered":"<p>A. Liderar y gestionar proyectos de investigaci\u00f3n en f\u00edsica y\/o multidisciplinarios que involucren las ciencias b\u00e1sicas y aplicadas con \u00e9tica profesional. B. Evaluar soluciones metodol\u00f3gicas y utiliza las herramientas tecnol\u00f3gicas, para resolver problemas relacionados con la ense\u00f1anza \u2013 aprendizaje de la f\u00edsica en el nivel superior con rigor cient\u00edfico. C. Fortalecer de manera permanente las [&hellip;]<\/p>\n","protected":false},"author":3,"featured_media":2896,"parent":0,"menu_order":0,"comment_status":"closed","ping_status":"closed","template":"","meta":{"_acf_changed":false,"footnotes":""},"class_list":["post-1997","page","type-page","status-publish","has-post-thumbnail","hentry"],"acf":[],"_links":{"self":[{"href":"https:\/\/fcnf.unsa.edu.pe\/fisica\/wp-json\/wp\/v2\/pages\/1997","targetHints":{"allow":["GET"]}}],"collection":[{"href":"https:\/\/fcnf.unsa.edu.pe\/fisica\/wp-json\/wp\/v2\/pages"}],"about":[{"href":"https:\/\/fcnf.unsa.edu.pe\/fisica\/wp-json\/wp\/v2\/types\/page"}],"author":[{"embeddable":true,"href":"https:\/\/fcnf.unsa.edu.pe\/fisica\/wp-json\/wp\/v2\/users\/3"}],"replies":[{"embeddable":true,"href":"https:\/\/fcnf.unsa.edu.pe\/fisica\/wp-json\/wp\/v2\/comments?post=1997"}],"version-history":[{"count":16,"href":"https:\/\/fcnf.unsa.edu.pe\/fisica\/wp-json\/wp\/v2\/pages\/1997\/revisions"}],"predecessor-version":[{"id":2906,"href":"https:\/\/fcnf.unsa.edu.pe\/fisica\/wp-json\/wp\/v2\/pages\/1997\/revisions\/2906"}],"wp:featuredmedia":[{"embeddable":true,"href":"https:\/\/fcnf.unsa.edu.pe\/fisica\/wp-json\/wp\/v2\/media\/2896"}],"wp:attachment":[{"href":"https:\/\/fcnf.unsa.edu.pe\/fisica\/wp-json\/wp\/v2\/media?parent=1997"}],"curies":[{"name":"wp","href":"https:\/\/api.w.org\/{rel}","templated":true}]}}