{"id":1054,"date":"2017-07-05T17:04:32","date_gmt":"2017-07-05T17:04:32","guid":{"rendered":"http:\/\/www2.unsa.edu.pe\/escuelas\/fisica\/?page_id=1054"},"modified":"2023-09-14T10:02:24","modified_gmt":"2023-09-14T15:02:24","slug":"presentacion","status":"publish","type":"page","link":"https:\/\/fcnf.unsa.edu.pe\/fisica\/presentacion\/","title":{"rendered":"Presentaci\u00f3n de la escuela"},"content":{"rendered":"<p><img loading=\"lazy\" decoding=\"async\" class=\"alignnone wp-image-5077 \" src=\"https:\/\/fcnf.unsa.edu.pe\/fisica\/wp-content\/uploads\/sites\/2\/2023\/09\/fisica11.jpg\" alt=\"\" width=\"1335\" height=\"487\" srcset=\"https:\/\/fcnf.unsa.edu.pe\/fisica\/wp-content\/uploads\/sites\/2\/2023\/09\/fisica11.jpg 1594w, https:\/\/fcnf.unsa.edu.pe\/fisica\/wp-content\/uploads\/sites\/2\/2023\/09\/fisica11-768x280.jpg 768w, https:\/\/fcnf.unsa.edu.pe\/fisica\/wp-content\/uploads\/sites\/2\/2023\/09\/fisica11-1536x561.jpg 1536w\" sizes=\"auto, (max-width: 1335px) 100vw, 1335px\" \/><\/p>\n<p style=\"text-align: justify\">El Programa de Estudios de F\u00edsica (PEF) est\u00e1 dedicado a la ense\u00f1anza e investigaci\u00f3n con formaci\u00f3n integral de acad\u00e9micos y profesionales en f\u00edsica con valores y \u00e9tica, competitivos en ciencias y tecnolog\u00edas, con capacidad de investigar, crear, innovar y difundir conocimientos, capaces de aplicar sus conocimientos al bienestar de la sociedad, preservando el medio ambiente. Como tambi\u00e9n busca formar profesionales con amplios conocimientos en los diferentes campos de la F\u00edsica Te\u00f3rica y Aplicada. El Programa de Estudios de F\u00edsica cuenta con 6 sub l\u00edneas de investigaci\u00f3n, Energ\u00edas Renovables y Ambiente, F\u00edsica Te\u00f3rica, F\u00edsica M\u00e9dica, Termoluminiscencia y Aplicaciones, F\u00edsica de Materiales e Instrumentaci\u00f3n F\u00edsica, lo cual ha permitido que nuestros estudiantes tengan la oportunidad de realizar investigaciones de vanguardia en casi cualquier \u00e1rea.<\/p>\n","protected":false},"excerpt":{"rendered":"<p>El Programa de Estudios de F\u00edsica (PEF) est\u00e1 dedicado a la ense\u00f1anza e investigaci\u00f3n con formaci\u00f3n integral de acad\u00e9micos y profesionales en f\u00edsica con valores y \u00e9tica, competitivos en ciencias y tecnolog\u00edas, con capacidad de investigar, crear, innovar y difundir conocimientos, capaces de aplicar sus conocimientos al bienestar de la sociedad, preservando el medio ambiente. [&hellip;]<\/p>\n","protected":false},"author":1,"featured_media":0,"parent":0,"menu_order":0,"comment_status":"closed","ping_status":"closed","template":"","meta":{"_acf_changed":false,"footnotes":""},"class_list":["post-1054","page","type-page","status-publish","hentry"],"acf":[],"_links":{"self":[{"href":"https:\/\/fcnf.unsa.edu.pe\/fisica\/wp-json\/wp\/v2\/pages\/1054","targetHints":{"allow":["GET"]}}],"collection":[{"href":"https:\/\/fcnf.unsa.edu.pe\/fisica\/wp-json\/wp\/v2\/pages"}],"about":[{"href":"https:\/\/fcnf.unsa.edu.pe\/fisica\/wp-json\/wp\/v2\/types\/page"}],"author":[{"embeddable":true,"href":"https:\/\/fcnf.unsa.edu.pe\/fisica\/wp-json\/wp\/v2\/users\/1"}],"replies":[{"embeddable":true,"href":"https:\/\/fcnf.unsa.edu.pe\/fisica\/wp-json\/wp\/v2\/comments?post=1054"}],"version-history":[{"count":15,"href":"https:\/\/fcnf.unsa.edu.pe\/fisica\/wp-json\/wp\/v2\/pages\/1054\/revisions"}],"predecessor-version":[{"id":3355,"href":"https:\/\/fcnf.unsa.edu.pe\/fisica\/wp-json\/wp\/v2\/pages\/1054\/revisions\/3355"}],"wp:attachment":[{"href":"https:\/\/fcnf.unsa.edu.pe\/fisica\/wp-json\/wp\/v2\/media?parent=1054"}],"curies":[{"name":"wp","href":"https:\/\/api.w.org\/{rel}","templated":true}]}}